x - 394*x - 9. Let o be s(6). What is the greatest common divisor of o and 21?
21
Let m(z) = 7*z - 73. Let g be m(15). Let y(d) = -2*d + 28. Let n be y(10). Calculate the highest common divisor of g and n.
8
Suppose 193*v + 651 = 190*v. Let y = 332 + v. Calculate the greatest common factor of y and 69.
23
Suppose -134*x + 31*x + 26719 = -41235 - 10326. Let d be (38/(-4))/((-3)/6). Calculate the greatest common factor of x and d.
19
Suppose -54*d + 64*d = 560. What is the highest common divisor of 4284 and d?
28
Suppose -2*x + 229 = -3*d, 0 = 3*x + 301*d - 302*d - 368. Suppose 0 = 2*y - 156 + 56. Let b be (-2)/2*-1*y. What is the highest common divisor of b and x?
25
Suppose -165*k + 827255 + 1896180 = -22*k. Calculate the highest common divisor of 65 and k.
65
Suppose -i + 4*z + 7 = 0, 0*i - 2*i + 4*z + 6 = 0. Let w be -2 + (-17)/i - -3 - 2. What is the greatest common divisor of w and 240?
16
Suppose -23*p + 43450 = 135*p. What is the greatest common factor of 3905 and p?
55
Suppose 4 = -29*f + 31*f. Suppose 57 - 15 = f*i. Let g = 11 - 4. Calculate the highest common factor of i and g.
7
Let l be (-2)/(2/(-111)) - -1. Let k be 4 - 3*(-6)/(-27)*(-77 - -62). What is the greatest common factor of l and k?
14
Suppose -10*t - 5*w + 737 = -9*t, -t - 22*w + 754 = 0. What is the highest common divisor of t and 156?
12
Suppose -n = -5*f - 38, -280*f + 277*f = -n + 50. What is the highest common factor of n and 2?
2
Suppose -13*q + 11*q - 10 = 0. Let o be (q + 3)/1 - -109. Suppose -o + 17 = -10*c. What is the highest common factor of c and 144?
9
Suppose 33*x - 28*x - 10 = 0, -4*i + 58 = 3*x. What is the highest common divisor of 9763 and i?
13
Let a = -286 + 288. Let t be 18*a*(-15)/((-315)/28). Let m = -8 + 20. Calculate the highest common divisor of t and m.
12
Suppose 6*y - 3*y = 168. Let d be (-3 - 0) + (12 - 4). Suppose -d*n - 5 = m + 1, 4*n + 16 = 0. What is the greatest common factor of m and y?
14
Suppose 12035 = n - 21*x + 18*x, 0 = -5*n - 2*x + 60260. Calculate the greatest common divisor of n and 50.
50
Let r = 22706 - 21078. What is the greatest common divisor of 33 and r?
11
Let o = 802 - -360. What is the greatest common factor of o and 70?
14
Let i be (-4)/3*-6 - (-18)/(-6). Suppose -5*h = 7*v - 2*v - 1525, i*h = -2*v + 601. Calculate the highest common divisor of 28 and v.
28
Let k be 4*((-2)/7 - (-154)/196). Suppose -569 = -k*m - 5*t, -5*t = -4*m - 3*t + 1150. Calculate the highest common divisor of m and 7.
7
Suppose -10*w = -12*w + 6. Let b be 54 - (4 + w + (4 - 13)). What is the greatest common divisor of 168 and b?
56
Let a(i) = 6*i**2 + 9*i + 15. Let k be a(-5). Let q = k + 204. Calculate the highest common factor of q and 36.
36
Suppose -46*n - 31 = 15. Let t be 84879/72 + -6 - n/8. What is the highest common divisor of 23 and t?
23
Let m(f) = -8*f + 37. Let p(d) = d. Let b(x) = m(x) + 2*p(x). Let u be b(9). Let h = u + 21. What is the greatest common factor of 36 and h?
4
Let q(a) = 35*a - 10. Let h = -233 - -239. Let j be q(h). Calculate the highest common divisor of 25 and j.
25
Suppose 384*m + 23*m = 12645031 + 19518958. Calculate the highest common factor of 13 and m.
13
Let r = -193 - -182. Let p be (-3 + -5 + r)*-4*1. What is the greatest common factor of p and 19?
19
Let n(t) = 9*t + 36. Let o = 65 - 67. Let c be n(o). Calculate the greatest common divisor of c and 27.
9
Suppose -178*r = -184*r + 5760. Suppose -34*i + 28*i = -r. Calculate the greatest common factor of 120 and i.
40
Suppose 2*m = -5*u + 166, -u = -m + u + 92. Let q be ((-704)/20)/(-8)*15. What is the greatest common factor of q and m?
22
Let x be 2/7 - 173/(-7). Let p(k) = 2*k**2 - 40*k - 507. Let a be p(-9). What is the greatest common factor of a and x?
5
Suppose -3*i + 5 = -5*l - 620, 5*l = -3*i + 635. What is the highest common factor of i and 1530?
30
Suppose -4*m + 86 = -5*f, 365*m - 366*m + 28 = 2*f. Calculate the highest common factor of 3000 and m.
24
Let h be (2/(-6))/((6 - 3)/(-54)). Suppose h*w = 2*w. Suppose w = 3*l - 17 - 13. What is the highest common factor of l and 20?
10
Suppose -4564 = 8*i - 15788. What is the greatest common factor of 23 and i?
23
Let o be (30 - 39)/((-3)/371). Calculate the highest common factor of o and 42.
21
Let b(q) = -7*q + 128. Let g(f) = 3*f - 65. Let k(u) = 4*b(u) + 7*g(u). Let p be k(7). What is the greatest common divisor of 36 and p?
4
Suppose 8*q - 40 = 16. Let t be (95/q)/5 - (-2)/7. Suppose -t*f + 9*f - 624 = 0. Calculate the highest common factor of f and 26.
26
Suppose 2*c - y = -47, -4*c - c - 113 = -4*y. Let x be -696*(5/c - (-3)/(-10)). What is the greatest common factor of 6 and x?
6
Let s be 0 + (-2)/((-6)/15). Suppose -z + 6 = 2*t, s*z - t - 82 = 2*t. Let p be (-189)/(-3) + 0 + (-3990)/570. Calculate the greatest common factor of p and z.
14
Suppose 0*d = -3*d - 4*w + 560, 5*d - 924 = -2*w. Let a be (-1 + d)/(20 - 19). Calculate the highest common factor of 61 and a.
61
Let d be (0 + (-5)/(-10))*34. Suppose 0 = -d*r + 12*r - 60. Let s be (-777)/(-9) + 4/r. What is the greatest common divisor of s and 43?
43
Suppose -3*k = -15, -2*w = k - 10 + 1. Let m be (w/3)/((-2752)/306 - -9). Let x = -90 + m. What is the greatest common divisor of x and 12?
12
Let o be (27/(-36))/((-1)/4) - -2. Let v be (38/(-4) - o)/((-2)/4). Suppose -330 = -v*n + 26*n. Calculate the greatest common factor of 44 and n.
22
Let f = 962 + 109. Calculate the highest common divisor of f and 595.
119
Suppose -5*r = n - 2004, 142*r - 139*r - 5*n = 1180. Let b(h) = h**3 - 13*h**2 + 21*h + 19. Let x be b(11). What is the highest common divisor of r and x?
8
Suppose -29*k + 9029 = -22358 - 20813. What is the greatest common factor of 360 and k?
360
Let r be ((-1730)/14 - (-9)/(-21))/(-2). Let w = r - 53. Calculate the highest common factor of w and 279.
9
Let x = -2685 - -8829. Calculate the highest common divisor of x and 192.
192
Suppose 265 - 2078 = -259*x. What is the highest common divisor of x and 2688?
7
Let i(n) = -16224*n + 211256. Let u be i(13). Let j be (-43)/(2/(-2 + 0)). What is the greatest common factor of j and u?
43
Suppose -3*q = -x - 213, q = 2*x + 82 - 11. Let j(g) = 11*g + 65 - 159 + q. Let i be j(4). What is the greatest common factor of 6 and i?
3
Suppose 0 = -5*u + 6 + 69. Let o = -34 + 28. Let w be o*((-20)/16*-2 + -3). What is the highest common factor of u and w?
3
Let d be 17/(2907/(-760))*(-14 + 5). Let x(w) = 7*w**2 - 4*w + 4. Let t be x(4). What is the highest common divisor of d and t?
20
Let c = -27804 + 28161. Calculate the greatest common factor of 2023 and c.
119
Let n = 734 + -554. Suppose 0 = -0*p - 4*p + 464. Suppose p = 4*c + 36. Calculate the greatest common divisor of n and c.
20
Suppose 2*d = 3*p + 2900 - 9917, -p + 3*d + 2325 = 0. What is the greatest common factor of 33 and p?
33
Suppose -4*v = 13*v - 51. Let h be (4/(-5))/(14/245) + v. Let w be (-3)/(-3) + h/2*-2. What is the greatest common factor of 6 and w?
6
Suppose -79 = -4*a - 31. Suppose -3*v + 20 = 5*p + v, -3*p + v = -a. Suppose -p*u + 18 + 42 = 0. What is the highest common factor of u and 25?
5
Suppose -5*r - 4*i + 273 = 77, 0 = 4*r - 2*i - 162. Suppose 0 = 24*w - 19*w - r. Suppose 297 = w*m + 3*m. Calculate the highest common factor of 216 and m.
27
Suppose -274*t + 100*t + 985362 = 0. What is the greatest common factor of 7 and t?
7
Let b(v) = -2*v. Let u be b(-3). Let k(z) = -19*z**2 + 56*z - 9. Let n be k(-6). Let r be (8/28)/((-7)/n). What is the greatest common factor of u and r?
6
Suppose -z + 10 = 4. Let p be 26058/24 + (-3)/(12*-1). Let f be 8/(-60) - p/(-45). What is the highest common factor of f and z?
6
Let g(c) = -110*c + 48. Let o be g(-7). Suppose 62 + o = 5*q. Calculate the highest common factor of q and 66.
22
Let o be 5/(-2)*10/(-25) - -4. Suppose o = 2*k + 3*k, u + 3*k = 921. What is the highest common divisor of u and 54?
54
Let k(l) = -l**3 - 64*l**2 - 67*l - 148. Let n be k(-63). Let h(g) = g + 52. Let r be h(0). What is the highest common divisor of n and r?
52
Let x(s) = s**3 + 36*s**2 + 176*s + 60. Let a be x(-6). Let l(q) = q**3 + 8*q**2 + 6*q - 8. Let m be l(-6). What is the highest common factor of m and a?
28
Let r(u) = -u**3 - 7*u**2 - 2*u + 2. Let l be r(-7). Calculate the greatest common fa